t g be o(12). Calculate the greatest common divisor of 5 and g.
5
Let w be 900/(-24)*(-16)/6. Calculate the greatest common factor of 40 and w.
20
Let z be 4/(-10) - 64/(-10). Let c be (-2 + 4)*z/4. Suppose -c*b - 6*s + 701 = -s, -4*b + 2*s = -978. What is the greatest common divisor of 22 and b?
22
Let k(v) = 11*v + 215. Let t be k(-5). Calculate the greatest common divisor of 5 and t.
5
Suppose -4*c - 24 = -3*h + 32, -2*h + 30 = c. Let v be ((-17)/(-4))/(4/h). Calculate the highest common divisor of v and 17.
17
Suppose -2*b - 2*n = -1794, -b - 13*n + 901 = -8*n. What is the greatest common factor of b and 64?
64
Suppose 0 = 5*a - 4 - 6. Suppose 1 = 9*z - 17. Calculate the highest common factor of a and z.
2
Suppose 65 = v + 5*a, -9*v = -6*v + 5*a - 195. Suppose -4*c + q + 47 = -0*c, 5*c - 55 = 2*q. What is the highest common factor of c and v?
13
Let s = -57 - -96. What is the greatest common factor of s and 65?
13
Let u(j) = -j**3 + 22*j**2 - 18*j - 14. Let a be u(21). Let m(b) = 3*b**2 + 7*b - 12. Let k be m(5). Calculate the greatest common divisor of a and k.
49
Suppose -3*g = -3*t - 6, -6 - 16 = -5*t - 3*g. Suppose -11*x - t*x + 2184 = 0. Calculate the greatest common factor of x and 24.
24
Let p(h) = -2*h + 128. Let o(r) = r**2 + 9*r + 3. Let m be o(-8). Let y be (m + 5)*(-3)/(-3). Let a be p(y). Calculate the highest common factor of 16 and a.
16
Let i be 4*(-1 - (-2)/4). Let t = i + 15. Let c = 215 + -124. What is the greatest common divisor of c and t?
13
Let l(y) = -y**2 - 5*y + 4. Let n be l(-3). Let d(q) = q**2 - 9*q - 10. Let u be d(n). Suppose u*g = 5*g - 50. Calculate the greatest common factor of g and 80.
10
Let w = 154 - 134. Calculate the greatest common divisor of 10 and w.
10
Suppose 5*n - 105 = -s, -3*n + 45 = -s - 26. Let x(u) = 2*u**3 - u**2 + 7*u. Let l be x(3). What is the greatest common factor of n and l?
22
Let d(n) = 7*n**3 - 7*n**2 + 19*n - 9. Let q be d(5). Calculate the highest common divisor of q and 6.
6
Let l = -250 - -354. Let p = l - 74. What is the greatest common divisor of p and 120?
30
Let g(p) = 142*p + 1. Let s be g(2). Let m = 170 - 155. Calculate the greatest common divisor of m and s.
15
Suppose 8*x + 191 = 703. Suppose -x = m - 9*m. What is the highest common divisor of 20 and m?
4
Suppose -3*d + 4*y - 32 = 0, d + 10*y = 5*y + 21. Let n be d/18 - (-10409)/63. What is the highest common divisor of 66 and n?
33
Let f = -740 + 1243. Suppose -u = 3*i - 177, -i + f = 3*u + i. What is the greatest common factor of 15 and u?
15
Suppose -6*b - 144 = -7*b + 5*l, 0 = -5*b + l + 720. What is the highest common factor of b and 208?
16
Let v = 59 + -30. Let a = -20 + v. What is the greatest common divisor of a and 36?
9
Suppose 61*k + 1560 = 66*k. Calculate the highest common divisor of 24 and k.
24
Suppose -2*i + 0*i = -8. Suppose j - 12 = 4*b - 158, 3*b = i*j + 116. Let k be 140/21*b/10. What is the highest common divisor of 4 and k?
4
Suppose 228 = -5*w - 3*j, -2*w - 5*j = 6 + 70. Let f be w/(-40)*120/1. Calculate the highest common factor of f and 16.
16
Suppose -2*v = 6*v - 96. What is the greatest common factor of v and 300?
12
Let n be (-51 + 1)*(-138 + 113). What is the greatest common divisor of n and 10?
10
Let z be -1*1*(10 - 63). Suppose -c - 3*c + 5*w + z = 0, c - 3*w - 15 = 0. Calculate the greatest common divisor of 9 and c.
3
Suppose -2*s + 2*x = 18, -2*x + 65 = -5*s - x. Let o be (1 + -4)/(6/s). Suppose -250 = -12*l + 170. Calculate the greatest common divisor of l and o.
7
Let y = 4 - 13. Let r = y - -9. Let x(f) = f**2 + 35. Let v be x(r). What is the greatest common divisor of v and 7?
7
Let m(d) = d**2 - 1. Let r = 12 + -11. Let s be m(r). Suppose -3*i + 0*i + c + 51 = s, 4*i - 57 = 5*c. What is the highest common divisor of 108 and i?
18
Let n = -259 - -397. Suppose -2*v + 104 + n = 0. Let k be 1/((-15)/(-110))*(-45)/(-30). Calculate the highest common factor of v and k.
11
Let w = -23 + 43. Let u(b) = 5*b + 130. Let n be u(-22). Calculate the highest common factor of n and w.
20
Suppose 0 = 4*b - 347 + 19. What is the highest common factor of 123 and b?
41
Let b = -5 - -9. Let a be (39/(-2))/((-3)/b). Calculate the greatest common factor of 13 and a.
13
Let a be ((-24)/(-16))/((-9)/(-42)). Let q be 9/(-5) + 3/(-15). Let d be (1/q)/(1/(-56)). What is the greatest common divisor of a and d?
7
Let t(j) = 13*j**2 - 64*j - 1. Let y be t(8). Calculate the highest common factor of y and 11.
11
Let o be 25 + 9/(54/42). What is the greatest common factor of 256 and o?
32
Suppose -4*p = 29 - 1. Let a = 24 + p. Let h(u) = u**3 + 35*u**2 - 72*u + 91. Let g be h(-37). What is the greatest common factor of g and a?
17
Suppose 14*y - 22*y + 40 = 0. Suppose -3*r + y*j = -18, 6*r = 2*r + 3*j + 24. Calculate the greatest common factor of r and 14.
2
Suppose 5*z - 3*z - 3*c = -55, -3*c + 90 = -3*z. Let u = 49 + z. Calculate the highest common divisor of u and 70.
14
Let v be 18/8 - (-4)/(-16). Let w(r) = 62*r + 564. Let l be w(-9). What is the highest common divisor of v and l?
2
Let q = 43 - 23. Let x be (q + 0)*2/8. Suppose 0 = -x*z - 51 + 276. What is the greatest common factor of z and 9?
9
Suppose -p + 0*p = -4. Suppose -s - p*a = -3*a - 46, -4*a = -2*s + 86. Suppose 90 = 607*w - 604*w. What is the highest common factor of w and s?
15
Suppose 39*i - 3707 = 10333. Calculate the greatest common divisor of i and 90.
90
Suppose -74*b - 832 = -78*b. What is the highest common factor of 182 and b?
26
Let g be 24/36*(-11238)/(-4). Suppose 5*r = 667 + g. Suppose -4*z + x = -3*x - r, 136 = z + 2*x. Calculate the greatest common factor of 26 and z.
26
Let u = -313 - -427. Calculate the greatest common divisor of u and 380.
38
Let v(q) = -q + 13. Let r be v(0). Let t(u) = -u**3 - 5*u**2 - 6*u - 2. Let g be t(-4). Let c = r - g. Calculate the highest common factor of 35 and c.
7
Suppose 0*p + 7*p = 2*p. Let w(j) = -j**2 - j + 20. Let k be w(p). What is the greatest common factor of k and 5?
5
Suppose 4*j + 2*g - 198 = 0, 3*j - g = -2*j + 251. Calculate the highest common factor of j and 25.
25
Suppose -4*b + 2*b + c - 36 = 0, c = -5*b - 90. Let k be 4/b - 22/(-18). Let x = k + 35. Calculate the greatest common factor of 90 and x.
18
Let r be 44/6 + (-2)/6. Let n(j) = -j**2 - 26*j - 43. Let y = 49 - 69. Let o be n(y). Calculate the highest common factor of o and r.
7
Suppose 0 = 5*c - 33 + 8, 2*m - 4 = 4*c. Let p = 32 - 2. Calculate the greatest common factor of m and p.
6
Suppose 31*w = 37*w - 3750. Calculate the greatest common divisor of 25 and w.
25
Let k(c) be the third derivative of c**5/60 + c**4/12 - c**3/6 - 23*c**2. Let t be k(-4). Calculate the highest common factor of 21 and t.
7
Let r(j) = j**3 + 6*j**2 - 15*j + 11. Let d be r(-8). Suppose d*s = 5*c - 192, 11*c = 8*c - 5*s + 88. Calculate the highest common factor of c and 18.
18
Suppose j + 2*j = 186. Suppose y - 59 = j. Suppose 2*r - 4*r = -22. Calculate the highest common divisor of y and r.
11
Let l = 125 + -89. Let g = 4 + l. Suppose -r = 3*r - g. What is the greatest common divisor of r and 10?
10
Suppose 2*x = -11*x + 273. What is the greatest common divisor of x and 6?
3
Suppose 14 + 94 = -2*p - 24*a, 0 = -p + 2*a + 16. Let y = 174 + -24. Calculate the highest common divisor of p and y.
6
Let x = 55 + -20. Calculate the greatest common factor of 25 and x.
5
Let s be (-3172)/(-12) - (-3)/(-9). Calculate the greatest common factor of 96 and s.
24
Suppose 0 = -3*k - 3*i + 279, -26*i = 3*k - 30*i - 307. What is the highest common factor of 97 and k?
97
Let f(d) = d**3 + 8*d**2 - 32*d + 1. Let u be f(3). Suppose 21 = -w - w - 5*o, 3*w + 19 = -5*o. What is the greatest common divisor of u and w?
2
Let d(b) = 3*b**2 + 12*b + 4. Let c be d(-5). Let t(w) = -w + 8. Let a be t(-11). What is the highest common divisor of a and c?
19
Suppose 5*u = -3*n - 4, -3*n + 0*n - 4*u = 2. Suppose -5*v - 20 = 0, n*v + 28 = 2*q - 3*v. What is the greatest common divisor of 20 and q?
4
Let z(v) = 50*v. Let b be z(1). Let m = 37 + -22. Let h be ((-300)/m)/(-2 - -1). Calculate the greatest common divisor of h and b.
10
Let w be (-1)/(-2)*-2*-205. What is the highest common divisor of 82 and w?
41
Suppose 0 = -4*a + w + 18, 0 = -5*a + 2*w + 22 - 1. Suppose 0 = -p